f v and 49.
7
Suppose -q - 2 = 3. Let x be (-3)/(-6) - q/(-2). Let k be (4/x)/(3/(-30)). Calculate the highest common divisor of 8 and k.
4
Let r = -88 + 90. What is the highest common factor of 10 and r?
2
Let t(y) = y**3 + 3*y**2 - 3*y. Let w be t(2). Suppose -121 = -o - 5*h, -3*o + 5*h = 75 - 458. What is the highest common divisor of w and o?
14
Suppose 36 = -t + 5*t + m, t = 2*m + 9. Let i = 26 - t. Calculate the greatest common divisor of 119 and i.
17
Suppose 3*c = 19 - 4. Suppose c - 121 = -g. Suppose -4*l + 2*l = o - 34, -4*o + 2*l + g = 0. What is the highest common divisor of o and 6?
6
Let b(w) = 4*w - 19. Let n be b(8). What is the highest common divisor of 143 and n?
13
Suppose -7*v + 3*v = -20. Suppose -4*y + 8 = 0, -v*i = -5*y - 306 - 359. Calculate the greatest common factor of i and 15.
15
Let z(h) = 4*h - 4*h**3 + 4*h**2 + 3*h**3 + h**2 - 4*h**3 + 3. Let g be z(-3). What is the greatest common factor of 19 and g?
19
Let o(h) = h**3 + 2*h + 2. Let r be o(0). What is the highest common divisor of 3 and r?
1
Let j = -6 + -2. Let s = 20 + j. Suppose 4*b = 2*b - 2*z, -4*b + 8 = 2*z. What is the greatest common factor of s and b?
4
Let n(v) = 2*v**2 + 4*v - 4. Let o be n(-4). Let x(t) = -t - 2 + 2 + o*t**3. Let q be x(1). Calculate the greatest common factor of 77 and q.
11
Suppose 2*p - 5*p = -51. Calculate the highest common factor of 34 and p.
17
Let b be 9345/42 - (-3)/2. Calculate the highest common factor of b and 28.
28
Let s = 8 - 15. Let g be (9 + 1)*(s - -8). Calculate the greatest common divisor of 40 and g.
10
Let u(k) = k**3 + 2*k**2 - 5*k + 4. Let r be u(2). What is the greatest common divisor of 170 and r?
10
Let g(b) = -b**3 + 13*b**2 + 16*b - 12. Let l be g(14). What is the highest common factor of 24 and l?
8
Suppose 0 = -28*f + 26*f + 180. What is the highest common factor of f and 15?
15
Let y(s) = 2*s**2 + 2*s + 2. Let v be y(-2). Calculate the greatest common divisor of v and 66.
6
Let z(t) = 7*t**2 - 4*t + 5. Let j be z(-3). Calculate the highest common factor of 10 and j.
10
Let w be 15*(2 + (-7)/5). Let z = 23 - w. Let b = -10 + z. What is the greatest common divisor of b and 20?
4
Suppose -2*m = -w + 68, w + 2*m - 63 = 3*m. Suppose 118 = -5*b - 52. Let j = w + b. Calculate the greatest common factor of 12 and j.
12
Let z = 19 + -12. Suppose -32 = -w - z. Suppose 0 = 5*b - 4*r - 54, 0*r + 15 = 2*b + 5*r. Calculate the highest common factor of b and w.
5
Let f be (-50)/(-8) - 1/4. Let q = f + -2. Suppose 2 - 14 = -2*d - 4*h, 0 = 4*d + 3*h - 24. What is the highest common factor of d and q?
2
Let q = 62 - 36. Suppose -3*x + q = 5*k, -4 + 12 = 3*k - 2*x. Calculate the highest common divisor of 40 and k.
4
Suppose 0*m - 3*m = 2*k - 924, -k = 0. Let s = -611 - -401. Let l = m + s. What is the highest common factor of l and 14?
14
Let z be (-5)/(-1) - (-2 + 2). Suppose z*w + 6 = y, 5*y = 3*w + 36 - 6. Calculate the highest common divisor of y and 6.
6
Suppose 0 = 5*a + 5*g + 45, -3*a - 31 = -0*a + 5*g. Let x = 2 - a. Suppose -4*d = -0*d - 72. What is the highest common divisor of x and d?
9
Let p(h) = h**2 - 7*h + 6. Let b be p(7). Let o be -5*6*(-33)/15. Calculate the highest common factor of b and o.
6
Suppose 0*v = t + 5*v - 25, 0 = v - 2. Calculate the highest common factor of t and 75.
15
Let x be (5 + 0)*77/(-55)*-5. Calculate the highest common divisor of x and 21.
7
Let n be -1 + 0/3 + 10. Let f be -4*(n/(-6) + 0). Calculate the greatest common factor of f and 24.
6
Suppose w - 25 = -2. What is the highest common divisor of 46 and w?
23
Let k(b) be the second derivative of b**4/12 - b**3/3 + 9*b**2/2 - 6*b. Let u be k(6). What is the highest common divisor of u and 3?
3
Let y(h) = h + 5. Let g be y(0). Let a(z) = -z**2 + 12*z - 5. Let r be a(g). Calculate the greatest common factor of 12 and r.
6
Let a(o) = -9*o - 2. Let x be a(-1). Calculate the greatest common factor of 56 and x.
7
Suppose -47 = -z + 4*x, 3*z + x = -z + 137. Let f = z - 19. Calculate the highest common divisor of 40 and f.
8
Let p = 14 - 13. What is the greatest common divisor of p and 2?
1
Let p be ((-147)/9 + 7)/((-4)/18). What is the greatest common factor of 105 and p?
21
Let t be 2/(-7) - 58/(-7). Let u be 22/4 + 1/(-2). Let h be 3222/45 - (-2)/u. What is the greatest common factor of t and h?
8
Let o(w) = 2*w - 1. Let t be o(2). Let v be t/(-6)*(1 - 3). Let y(b) = -b. Let k be y(-4). What is the highest common factor of k and v?
1
Let m be ((-15)/(1 - 4))/1. What is the highest common factor of m and 20?
5
Let p = 49 - 4. What is the greatest common factor of p and 30?
15
Let a = -21 - -28. What is the greatest common factor of 7 and a?
7
Suppose 5*d = 3*v + 386, -107 = 5*d + v - 485. Calculate the greatest common divisor of d and 19.
19
Let w be 1*5*(-2)/(-5). Calculate the highest common factor of w and 38.
2
Let o(c) = -c**2 - 11*c - 10. Let w be o(-8). Let b = w - -18. Calculate the greatest common divisor of b and 16.
16
Suppose 16*r - 368 - 256 = 0. What is the highest common factor of r and 13?
13
Let u(s) = -s**3 + 4*s**2 + 13*s + 5. Let j be u(6). What is the greatest common divisor of j and 66?
11
Suppose -d - 10*d = -253. Suppose 0 = 2*g + 2, -4*v + g + 464 = -3*g. Calculate the highest common factor of d and v.
23
Suppose 5*j - 5*r + 33 = 303, 0 = -3*j + 4*r + 167. What is the greatest common divisor of j and 7?
7
Let f(n) = -3*n**3 - 2*n**2 + 3*n + 1. Let d be f(-3). Let m = -1 + d. What is the greatest common divisor of m and 9?
9
Suppose -2*h + 4 + 8 = y, 3*h = -y + 17. What is the highest common factor of y and 2?
2
Let h = 23 + -5. Suppose -5*y + 48 = -y. Calculate the greatest common factor of y and h.
6
Let v be ((-6)/4)/((-4)/168). What is the highest common divisor of v and 21?
21
Let l be ((-18)/(-21))/((-1)/(-7)). Let w = -1 + l. Let c = -43 - -88. Calculate the highest common factor of c and w.
5
Let a(o) = -o**3 + 7*o**2 - 6*o + 5. Suppose 3*v + 5*f - 23 = 0, 2*v + f = -4*f + 17. Let g be a(v). Calculate the greatest common divisor of g and 5.
5
Let q be (-45)/(-6) + (-1)/(-2). Let p = -22 + 34. What is the greatest common factor of q and p?
4
Let u(m) = -m + 2. Suppose -7*g = -4*g + 6. Let w be u(g). Suppose -w*b + 50 + 230 = 0. Calculate the greatest common factor of 14 and b.
14
Suppose -180 + 41 = -5*q - 3*j, 2*q - 46 = 2*j. What is the greatest common divisor of q and 208?
26
Let j be 0 - (-2*84)/(-4). Let m = j - -114. Suppose 5*r - 25 = 5*t, -3*r + 31 + 12 = 4*t. Calculate the greatest common divisor of r and m.
9
Let x be ((-66)/(-55))/((-2)/(-20)). What is the greatest common divisor of x and 132?
12
Let r(v) = v + 14. Let k be r(6). What is the highest common divisor of 160 and k?
20
Let r(p) = -p - 5 + 1 + 1. Let m = -2 + -5. Let j be r(m). Calculate the highest common divisor of 32 and j.
4
Let o = 42 + -41. Calculate the highest common factor of 7 and o.
1
Let c = 2 - -1. Let y(m) = -2*m**2 + 9*m. Let u be y(7). Let n = -20 - u. What is the greatest common divisor of c and n?
3
Let a be ((-130)/(-2) + 3)/2. Let q = -1 + 4. Let w be (1 + 254)/q*1. Calculate the highest common factor of w and a.
17
Let q = -4 - -4. Suppose -20 = -q*k - k. Calculate the highest common factor of k and 10.
10
Let d = -20 + 27. What is the greatest common divisor of d and 21?
7
Let l = -1 + 5. Let i(q) = -27*q + 1. Let d be i(-1). What is the highest common divisor of d and l?
4
Let r = -15 - -22. Calculate the highest common divisor of 35 and r.
7
Let h = -57 + 119. Calculate the highest common divisor of h and 31.
31
Suppose -4*m + 66 = -7*m. Let v = m - -55. Calculate the greatest common factor of v and 3.
3
Suppose 3*b - 2*t = 59, -4*t = 3*b + 2*b - 91. Let l = 41 - 6. Suppose g - l = 22. What is the highest common divisor of g and b?
19
Let x be (-7)/(-2)*-5*16/(-140). Calculate the highest common factor of 5 and x.
1
Let s be (-2)/7 + 440/70. Calculate the highest common factor of s and 48.
6
Let r(c) = c**3 - 8*c**2 + 5*c + 17. Let v be r(7). What is the highest common factor of v and 24?
3
Let f = 11 + -5. Suppose 0 = k - f + 5. Calculate the highest common divisor of 11 and k.
1
Suppose 4*q - 68 = 5*q. Let l = -44 - q. Suppose 2*j = -k + 5, -2 = 4*k - 5*j - 9. Calculate the greatest common factor of k